{"id":60365,"date":"2025-08-28T19:58:08","date_gmt":"2025-08-28T22:58:08","guid":{"rendered":"https:\/\/sindaopcpb.org.br\/?page_id=60365"},"modified":"2025-08-29T10:57:32","modified_gmt":"2025-08-29T13:57:32","slug":"pccr-2022","status":"publish","type":"page","link":"https:\/\/sindaopcpb.org.br\/index.php\/pccr-2022\/","title":{"rendered":"PCCR 2022"},"content":{"rendered":"\n<h2 class=\"wp-block-heading has-text-align-center\"><strong>Plano de Cargo e Carreira e Remunera\u00e7\u00e3o da Pol\u00edcia Civil da Para\u00edba   <\/strong><\/h2>\n\n\n\n<div data-wp-interactive=\"core\/file\" class=\"wp-block-file\"><object data-wp-bind--hidden=\"!state.hasPdfPreview\" hidden class=\"wp-block-file__embed\" data=\"https:\/\/sindaopcpb.org.br\/wp-content\/uploads\/2025\/08\/PCCR-2022-POLICIA-CIVIL-PB.pdf\" type=\"application\/pdf\" style=\"width:100%;height:600px\" aria-label=\"Incorporado de PCCR 2022 POLICIA CIVIL PB.\"><\/object><a id=\"wp-block-file--media-5e83819f-2863-427b-a2fd-0b924b56cc2c\" href=\"https:\/\/sindaopcpb.org.br\/wp-content\/uploads\/2025\/08\/PCCR-2022-POLICIA-CIVIL-PB.pdf\">PCCR 2022 POLICIA CIVIL PB<\/a><a href=\"https:\/\/sindaopcpb.org.br\/wp-content\/uploads\/2025\/08\/PCCR-2022-POLICIA-CIVIL-PB.pdf\" class=\"wp-block-file__button wp-element-button\" download aria-describedby=\"wp-block-file--media-5e83819f-2863-427b-a2fd-0b924b56cc2c\">Baixar<\/a><\/div>\n","protected":false},"excerpt":{"rendered":"<p>Plano de Cargo e Carreira e Remunera\u00e7\u00e3o da Pol\u00edcia Civil da Para\u00edba<\/p>\n","protected":false},"author":7,"featured_media":0,"parent":0,"menu_order":0,"comment_status":"closed","ping_status":"closed","template":"","meta":{"advgb_blocks_editor_width":"","advgb_blocks_columns_visual_guide":"","footnotes":""},"class_list":["post-60365","page","type-page","status-publish","hentry"],"coauthors":[],"author_meta":{"author_link":"https:\/\/sindaopcpb.org.br\/author\/charles\/","display_name":"charles lustosa dos passos"},"relative_dates":{"created":"Publicado 7 meses atr\u00e1s","modified":"Atualizado 7 meses atr\u00e1s"},"absolute_dates":{"created":"Publicado em 28 de agosto de 2025","modified":"Atualizado em 29 de agosto de 2025"},"absolute_dates_time":{"created":"Publicado em 28 de agosto de 2025 19:58","modified":"Atualizado em 29 de agosto de 2025 10:57"},"featured_img_caption":"","featured_img":false,"series_order":"","_links":{"self":[{"href":"https:\/\/sindaopcpb.org.br\/index.php\/wp-json\/wp\/v2\/pages\/60365","targetHints":{"allow":["GET"]}}],"collection":[{"href":"https:\/\/sindaopcpb.org.br\/index.php\/wp-json\/wp\/v2\/pages"}],"about":[{"href":"https:\/\/sindaopcpb.org.br\/index.php\/wp-json\/wp\/v2\/types\/page"}],"author":[{"embeddable":true,"href":"https:\/\/sindaopcpb.org.br\/index.php\/wp-json\/wp\/v2\/users\/7"}],"replies":[{"embeddable":true,"href":"https:\/\/sindaopcpb.org.br\/index.php\/wp-json\/wp\/v2\/comments?post=60365"}],"version-history":[{"count":2,"href":"https:\/\/sindaopcpb.org.br\/index.php\/wp-json\/wp\/v2\/pages\/60365\/revisions"}],"predecessor-version":[{"id":60406,"href":"https:\/\/sindaopcpb.org.br\/index.php\/wp-json\/wp\/v2\/pages\/60365\/revisions\/60406"}],"wp:attachment":[{"href":"https:\/\/sindaopcpb.org.br\/index.php\/wp-json\/wp\/v2\/media?parent=60365"}],"curies":[{"name":"wp","href":"https:\/\/api.w.org\/{rel}","templated":true}]}}